
739
What is the remainder when 11574641 is divided by 2501?
13
Calculate the remainder when 307761467 is divided by 58.
11
What is the remainder when 288192 is divided by 84?
72
What is the remainder when 3006812 is divided by 3103?
5
Calculate the remainder when 8073610 is divided by 2018391.
46
What is the remainder when 86061496 is divided by 8537?
8536
Calculate the remainder when 14869516 is divided by 2124211.
39
Calculate the remainder when 1284711 is divided by 1283320.
1391
What is the remainder when 294559 is divided by 7184?
15
What is the remainder when 140372 is divided by 138867?
1505
What is the remainder when 137452880 is divided by 3353?
3351
Calculate the remainder when 2791141 is divided by 194.
63
What is the remainder when 13865845 is divided by 799?
798
Calculate the remainder when 146238 is divided by 146049.
189
What is the remainder when 242635 is divided by 5419?
4199
What is the remainder when 2251190 is divided by 486?
38
Calculate the remainder when 2992684 is divided by 1496328.
28
What is the remainder when 19902135 is divided by 1047480?
15
Calculate the remainder when 1750311 is divided by 134639.
4
Calculate the remainder when 6168697 is divided by 1445.
1437
Calculate the remainder when 1668330 is divided by 20.
10
What is the remainder when 23070094 is divided by 23?
13
Calculate the remainder when 11435135 is divided by 6.
5
What is the remainder when 2726575 is divided by 908854?
13
Calculate the remainder when 382441 is divided by 2812.
9
Calculate the remainder when 2582259 is divided by 78250.
9
Calculate the remainder when 3132968 is divided by 4413.
4151
Calculate the remainder when 311054 is divided by 486.
14
What is the remainder when 561541277 is divided by 2720?
2717
What is the remainder when 2497096 is divided by 192068?
212
Calculate the remainder when 26734222 is divided by 2212.
2202
Calculate the remainder when 2033443 is divided by 486.
19
What is the remainder when 9328649 is divided by 1351?
1345
Calculate the remainder when 843128 is divided by 120254.
1350
Calculate the remainder when 16289465 is divided by 215.
205
What is the remainder when 4034709 is divided by 59?
53
What is the remainder when 33249537 is divided by 98?
97
What is the remainder when 74174 is divided by 10286?
2172
What is the remainder when 32941099 is divided by 136685?
14
What is the remainder when 3403 is divided by 2770?
633
Calculate the remainder when 107674711 is divided by 7127.
7122
Calculate the remainder when 694037 is divided by 41.
30
What is the remainder when 2301943 is divided by 1245?
1183
Calculate the remainder when 1197301 is divided by 903.
826
Calculate the remainder when 1702844 is divided by 49.
45
What is the remainder when 919881 is divided by 102181?
252
Calculate the remainder when 104676 is divided by 58.
44
Calculate the remainder when 374802 is divided by 364.
246
Calculate the remainder when 124228 is divided by 242.
82
What is the remainder when 1253442 is divided by 43222?
4
Calculate the remainder when 44745 is divided by 710.
15
Calculate the remainder when 8265177 is divided by 2955.
42
What is the remainder when 2598777 is divided by 85?
72
What is the remainder when 24563 is divided by 157?
71
Calculate the remainder when 53752274 is divided by 5.
4
Calculate the remainder when 42978653 is divided by 2.
1
What is the remainder when 35015254 is divided by 72?
70
What is the remainder when 287603 is divided by 7?
1
Calculate the remainder when 85682579 is divided by 1630.
1629
Calculate the remainder when 3884161 is divided by 37.
12
Calculate the remainder when 200236 is divided by 728.
36
Calculate the remainder when 6688470 is divided by 697.
58
Calculate the remainder when 1673247 is divided by 37.
33
Calculate the remainder when 1539746 is divided by 763.
12
Calculate the remainder when 10090 is divided by 917.
3
What is the remainder when 907915 is divided by 9868?
59
Calculate the remainder when 51963669 is divided by 8459.
32
Calculate the remainder when 1084927 is divided by 5897.
5776
Calculate the remainder when 20807489 is divided by 5201865.
29
What is the remainder when 1546154 is divided by 220877?
15
Calculate the remainder when 401317 is divided by 558.
115
What is the remainder when 1996103 is divided by 499023?
11
Calculate the remainder when 212697 is divided by 211532.
1165
What is the remainder when 14351680 is divided by 2486?
2
What is the remainder when 164612 is divided by 54808?
188
Calculate the remainder when 24214 is divided by 12067.
80
What is the remainder when 38131238 is divided by 10407?
10397
Calculate the remainder when 803682 is divided by 401787.
108
What is the remainder when 3825 is divided by 357?
255
Calculate the remainder when 55548 is divided by 1262.
20
Calculate the remainder when 17858966 is divided by 610.
606
Calculate the remainder when 673857505 is divided by 41.
37
Calculate the remainder when 8056036 is divided by 3687.
3628
Calculate the remainder when 1114433 is divided by 4097.
49
What is the remainder when 54633503 is divided by 499?
488
Calculate the remainder when 401052 is divided by 9114.
36
Calculate the remainder when 880455 is divided by 220093.
83
Calculate the remainder when 24312 is divided by 7973.
393
What is the remainder when 196249 is divided by 101?
6
Calculate the remainder when 67936053 is divided by 141.
138
Calculate the remainder when 5231737 is divided by 2732.
2689
Calculate the remainder when 19844377 is divided by 1919.
1917
Calculate the remainder when 4258228 is divided by 876.
868
Calculate the remainder when 875515 is divided by 39.
4
Calculate the remainder when 3485841 is divided by 497977.
2
What is the remainder when 63375462 is divided by 296147?
4
What is the remainder when 1255146 is divided by 3815?
11
What is the remainder when 10031892 is divided by 436?
404
Calculate the remainder when 53887481 is divided by 1618.
1609
Calculate the remainder when 153101955 is divided by 19137743.
11
What is the remainder when 93859 is divided by 30617?
2008
Calculate the remainder when 368960 is divided by 5981.
4119
Calculate the remainder when 38141834 is divided by 122.
120
Calculate the remainder when 403028923 is divided by 474.
469
What is the remainder when 10914251 is divided by 170535?
11
Calculate the remainder when 36785 is divided by 3567.
1115
Calculate the remainder when 317560 is divided by 160.
120
What is the remainder when 108448 is divided by 1652?
1068
What is the remainder when 38159937 is divided by 35?
32
What is the remainder when 18696900 is divided by 383?
372
What is the remainder when 105189 is divided by 5988?
3393
Calculate the remainder when 75791 is divided by 3156.
47
What is the remainder when 192044 is divided by 1016?
20
What is the remainder when 7495345 is divided by 38?
35
Calculate the remainder when 1091 is divided by 241.
127
Calculate the remainder when 9047998 is divided by 1733.
5
Calculate the remainder when 364095688 is divided by 739.
734
What is the remainder when 1991520 is divided by 125?
20
What is the remainder when 19407069 is divided by 1808?
1805
Calculate the remainder when 16747 is divided by 4183.
15
Calculate the remainder when 57987935 is divided by 21241.
5
Calculate the remainder when 737285 is divided by 245741.
62
What is the remainder when 268459 is divided by 15760?
539
Calculate the remainder when 558270675 is divided by 246.
243
Calculate the remainder when 173696137 is divided by 7.
6
What is the remainder when 1077837 is divided by 1638?
33
Calculate the remainder when 666711598 is divided by 400.
398
What is the remainder when 854093 is divided by 735?
23
What is the remainder when 421841 is divided by 1825?
266
Calculate the remainder when 148485 is divided by 148463.
22
What is the remainder when 28276008 is divided by 1433?
52
What is the remainder when 12336151 is divided by 18?
13
What is the remainder when 116520 is divided by 208?
40
What is the remainder when 653890 is divided by 6806?
514
Calculate the remainder when 342660 is divided by 11761.
1591
What is the remainder when 3380844 is divided by 2815?
29
Calculate the remainder when 6734346 is divided by 26.
8
What is the remainder when 72068 is divided by 24